e
Does 20 divide 557068740?
True
Is 177210352 a multiple of 442?
False
Is 5 a factor of 78502813?
False
Is 2745278114 a multiple of 142?
False
Is 104667024 a multiple of 154?
True
Does 787 divide 22609509?
False
Does 125 divide 82867572?
False
Is 34467820 a multiple of 241?
True
Is 885 a factor of 1669996770?
True
Does 12 divide 741852792?
True
Is 217187617 a multiple of 216?
False
Is 256974678 a multiple of 821?
False
Does 35 divide 329678739?
False
Is 263 a factor of 232664002?
True
Does 2125 divide 1530703727?
False
Does 2 divide 3030209?
False
Is 180431367 a multiple of 5075?
False
Is 84402976 a multiple of 376?
True
Is 4739 a factor of 570101700?
True
Is 108 a factor of 51231905?
False
Is 348 a factor of 51988624?
False
Is 3510385 a multiple of 186?
False
Does 1054 divide 993922?
True
Does 4 divide 407152?
True
Is 37775844 a multiple of 46?
True
Does 6 divide 5669472?
True
Is 33698128 a multiple of 46?
True
Is 25874550 a multiple of 234?
True
Does 82 divide 2054801737?
False
Does 4727 divide 1218734334?
False
Does 61 divide 55049437?
False
Does 550 divide 57811600?
True
Is 740185261 a multiple of 11?
False
Is 259 a factor of 31723845?
False
Is 263 a factor of 360526975?
True
Does 697 divide 6995276?
False
Does 12 divide 56562935?
False
Is 428 a factor of 394601448?
True
Is 62 a factor of 30120675?
False
Is 926273105 a multiple of 43?
True
Is 75 a factor of 8140216?
False
Does 1365 divide 1803222330?
True
Is 2348 a factor of 156505940?
True
Does 12 divide 22761730?
False
Is 170 a factor of 159579509?
False
Is 126996701 a multiple of 126?
False
Does 34 divide 42240002?
True
Is 693 a factor of 962591594?
False
Is 63 a factor of 2697032256?
False
Is 755 a factor of 23384615?
True
Does 10 divide 571893580?
True
Does 1163 divide 86189930?
True
Does 54 divide 3779980884?
True
Is 41177024 a multiple of 13?
False
Does 1575 divide 126146475?
True
Is 109 a factor of 100594926?
False
Is 6638 a factor of 3022699594?
True
Is 448 a factor of 34636672?
True
Is 58372755 a multiple of 15?
True
Does 190 divide 366713652?
False
Is 232 a factor of 8144712?
False
Is 37925005 a multiple of 37?
False
Is 1441 a factor of 108786854?
True
Does 95 divide 494994532?
False
Does 171 divide 7993644?
False
Is 32464520 a multiple of 11?
True
Does 30 divide 4851450?
True
Is 3647571 a multiple of 134?
False
Does 616 divide 318133794?
False
Is 1265194 a multiple of 14?
True
Does 7 divide 99276398?
False
Does 117 divide 15526368?
True
Does 67 divide 1790235750?
False
Is 9 a factor of 158242113?
True
Does 1293 divide 17145180?
True
Does 417 divide 76738425?
True
Is 298691625 a multiple of 15?
True
Does 1344 divide 1255058243?
False
Is 128 a factor of 6451458?
False
Does 7326 divide 1229406084?
False
Is 104084950 a multiple of 2?
True
Is 112 a factor of 6228207069?
False
Is 16245930 a multiple of 6?
True
Does 20 divide 54050061?
False
Is 95608752 a multiple of 1224?
False
Does 44 divide 56838382?
False
Is 25956559 a multiple of 3?
False
Does 7 divide 153257566?
True
Is 1497117160 a multiple of 380?
True
Is 23026638 a multiple of 135?
False
Is 46352070 a multiple of 122?
True
Is 3587718540 a multiple of 91?
False
Is 17725548 a multiple of 838?
False
Does 3236 divide 195995926?
False
Is 23 a factor of 79494628?
False
Is 680443666 a multiple of 14?
True
Is 29724302 a multiple of 449?
False
Is 97 a factor of 129776930?
False
Is 1812 a factor of 27837577?
False
Is 12 a factor of 4211592?
True
Is 25403540 a multiple of 436?
True
Is 292 a factor of 41359251?
False
Is 14387864 a multiple of 28?
False
Does 50 divide 69212239?
False
Is 2259456640 a multiple of 1960?
True
Is 2005927952 a multiple of 1148?
True
Is 2417483275 a multiple of 1184?
False
Is 29 a factor of 355246926?
True
Is 3172 a factor of 286632387?
False
Is 220939450 a multiple of 4?
False
Is 1609 a factor of 1102898704?
True
Is 3 a factor of 108502315?
False
Is 602057 a multiple of 19?
False
Does 77 divide 2895541418?
True
Is 15 a factor of 235806165?
True
Is 2345689 a multiple of 37?
True
Does 237 divide 19656543?
True
Is 791 a factor of 6431072?
False
Is 41 a factor of 3407231755?
False
Is 254 a factor of 457620715?
False
Does 826 divide 25494490?
True
Is 141049811 a multiple of 7?
True
Is 14582738 a multiple of 20?
False
Does 40 divide 8156560?
True
Is 720 a factor of 1400899?
False
Is 40 a factor of 22658840?
True
Is 422579574 a multiple of 7429?
False
Is 22 a factor of 3417339682?
False
Does 9 divide 124141977?
True
Is 7 a factor of 29908746?
True
Is 653 a factor of 252108353?
False
Is 24642928 a multiple of 17?
True
Does 253 divide 1092740902?
True
Is 1142409380 a multiple of 860?
True
Is 1541 a factor of 1240820357?
False
Does 24 divide 11962488?
True
Is 71470932 a multiple of 57?
True
Is 445 a factor of 85625837?
False
Is 26 a factor of 336622546?
True
Does 254 divide 128150620?
True
Does 2485 divide 334029427?
False
Is 58 a factor of 4301155?
False
Does 9 divide 748867666?
False
Does 942 divide 757321842?
True
Does 474 divide 17315694?
True
Is 357 a factor of 707389431?
True
Is 10548 a factor of 1117560600?
True
Is 493782975 a multiple of 225?
True
Is 8 a factor of 2671440?
True
Is 68 a factor of 15087296?
True
Is 333771150 a multiple of 150?
True
Is 1652 a factor of 875467354?
False
Does 177 divide 1054737159?
True
Does 11 divide 23539131?
True
Does 784 divide 17848883?
False
Does 8 divide 831453974?
False
Is 1116334376 a multiple of 153?
False
Does 708 divide 13473590?
False
Does 2632 divide 205517998?
False
Does 10 divide 16731290?
True
Is 75587772 a multiple of 634?
False
Is 4530909292 a multiple of 13?
True
Does 93 divide 1479653157?
True
Is 1279321886 a multiple of 114?
False
Is 7 a factor of 290877734?
True
Is 2 a factor of 13713?
False
Is 1981 a factor of 861798392?
True
Does 70 divide 13766900?
True
Is 104 a factor of 2091064560?
True
Does 30 divide 70387739?
False
Does 24 divide 1521104712?
True
Is 1707568221 a multiple of 107?
False
Is 2441105646 a multiple of 47?
True
Is 72810252 a multiple of 34?
True
Is 976425662 a multiple of 738?
False
Is 1125 a factor of 569225250?
True
Is 7052204 a multiple of 523?
False
Is 161007547 a multiple of 97?
False
Does 186 divide 196995747?
False
Is 190 a factor of 1074944570?
True
Does 8 divide 3064986?
False
Does 597 divide 4072024?
False
Is 4118 a factor of 925392842?
True
Is 11 a factor of 31541341?
False
Does 24 divide 83583615?
False
Is 76 a factor of 31524040?
True
Is 1698422765 a multiple of 2518?
False
Does 1435 divide 71925398?
False
Is 271013508 a multiple of 75?
False
Is 256515160 a multiple of 220?
True
Does 97 divide 10722186?
True
Does 23 divide 346272843?
True
Is 36313891 a multiple of 47?
False
Is 63832154 a multiple of 15?
False
Is 122 a factor of 342157052?
True
Is 68 a factor of 274168384?
True
Is 102293207 a multiple of 4091?
False
Is 323404 a multiple of 310?
False
Does 57 divide 2698470789?
False
Is 1628 a factor of 3124823652?
False
Does 92 divide 1622421?
False
Does 401 divide 620207452?
True
Does 43 divide 29728854?
False
Does 503 divide 54186987?
False
Is 285751355 a multiple of 29?
True
Does 2260 divide 452830505?
False
Does 15 divide 7141319?
False
Is 1306 a factor of 490474678?
False
Is 10 a factor of 1228438820?
True
Is 219 a factor of 102465063?
True
Is 533239951 a multiple of 45?
False
Does 324 divide 64995696?
True
Is 9 a factor of 30616470?
True
Does 57 divide 1313535588?
True
Is 870 a factor of 4238113593?
False
Is 2561 a factor of 66743872?
False
Is 1456 a factor of 19890416?
True
Does 47 divide 42494392?
True
Is 15 a factor of 2440581315?
True
Does 1261 divide 14226801?
False
Is 810 a factor of 102340414?
False
Does 29 divide 58246036?
True
Is 721 a factor of 13655019?
True
Does 1006 divide 16765717?
False
Does 5 divide 415777615?
True
Does 149 divide 482747484?
True
Does 40 divide 9645320?
True
Does 182 divide 112614684?
True
Does 63 divide 8683353?
True
Is 2117081127 a multiple of 5312?
False
Does 3968 divide 1889268157?
False
Is 3782278 a multiple of 94?
True
Is 242 a factor of 3052056084?
True
Is 51 a factor of 9398098?
False
Is 2694 a factor of 215321197?
False
Is 483 a factor of 27209174?
False
Is 176856684 a multiple of 33?
False
Is 6548368 a multiple of 1214?
False
Is 52 a factor of 123209788?
True
Is 258 a factor of 22